ctor of 25 and 315?
5
Calculate the greatest common factor of 38 and 76.
38
Calculate the greatest common factor of 370 and 90.
10
Calculate the highest common factor of 20 and 2460.
20
What is the highest common factor of 903 and 215?
43
Calculate the greatest common divisor of 345 and 390.
15
What is the greatest common divisor of 4379 and 116?
29
What is the highest common factor of 6162 and 26?
26
Calculate the greatest common factor of 301 and 344.
43
What is the highest common divisor of 42 and 868?
14
What is the greatest common factor of 1829 and 31?
31
What is the greatest common divisor of 63 and 6?
3
What is the highest common divisor of 175 and 70?
35
What is the highest common divisor of 1276 and 9889?
319
Calculate the greatest common divisor of 194 and 8.
2
Calculate the highest common factor of 62 and 5766.
62
What is the highest common factor of 18 and 26?
2
Calculate the greatest common factor of 196 and 1127.
49
What is the highest common divisor of 23 and 92?
23
Calculate the greatest common factor of 87 and 4089.
87
Calculate the greatest common factor of 88 and 2024.
88
Calculate the highest common factor of 135 and 189.
27
What is the greatest common factor of 69 and 2231?
23
Calculate the highest common divisor of 4 and 788.
4
What is the highest common factor of 3627 and 117?
117
Calculate the highest common factor of 592 and 16.
16
What is the greatest common divisor of 400 and 275?
25
What is the greatest common divisor of 3070 and 10?
10
What is the greatest common divisor of 2057 and 3872?
121
Calculate the greatest common factor of 1896 and 104.
8
What is the highest common factor of 156 and 96?
12
Calculate the highest common divisor of 3 and 168.
3
Calculate the greatest common factor of 180 and 80.
20
Calculate the greatest common divisor of 9 and 9.
9
Calculate the greatest common factor of 522 and 232.
58
Calculate the highest common divisor of 22 and 8.
2
What is the greatest common factor of 12 and 5268?
12
Calculate the highest common factor of 247 and 741.
247
What is the highest common divisor of 102 and 3774?
102
What is the highest common factor of 11241 and 18?
9
What is the highest common divisor of 495 and 275?
55
Calculate the highest common factor of 290 and 130.
10
What is the highest common divisor of 77 and 77?
77
Calculate the greatest common divisor of 90 and 130.
10
What is the greatest common divisor of 88 and 11?
11
Calculate the greatest common factor of 20587 and 476.
119
Calculate the greatest common factor of 24 and 17472.
24
What is the greatest common factor of 27291 and 33?
33
Calculate the greatest common factor of 1 and 1.
1
Calculate the greatest common factor of 6 and 96.
6
Calculate the highest common factor of 32 and 9376.
32
What is the highest common factor of 27 and 45?
9
What is the highest common factor of 6 and 63?
3
Calculate the greatest common factor of 26 and 78.
26
What is the greatest common factor of 500 and 9250?
250
What is the greatest common factor of 402 and 6?
6
Calculate the greatest common divisor of 603 and 67.
67
What is the greatest common factor of 186 and 483?
3
What is the highest common divisor of 4470 and 270?
30
What is the highest common divisor of 201 and 335?
67
Calculate the highest common divisor of 1650 and 88.
22
What is the highest common factor of 168 and 6104?
56
Calculate the greatest common factor of 430 and 3526.
86
Calculate the highest common factor of 891 and 33.
33
What is the highest common divisor of 380 and 57?
19
What is the greatest common divisor of 215 and 5?
5
What is the greatest common divisor of 140 and 21?
7
What is the greatest common factor of 42 and 42?
42
Calculate the highest common factor of 784 and 343.
49
Calculate the highest common factor of 32 and 25136.
16
What is the greatest common divisor of 130 and 1070?
10
Calculate the greatest common divisor of 57 and 19.
19
Calculate the greatest common factor of 4912 and 32.
16
What is the greatest common factor of 260 and 100?
20
What is the greatest common divisor of 954 and 36?
18
Calculate the greatest common divisor of 27 and 288.
9
What is the highest common divisor of 43 and 1333?
43
What is the greatest common factor of 35 and 5?
5
What is the highest common factor of 5319 and 197?
197
What is the greatest common divisor of 96 and 30?
6
Calculate the greatest common divisor of 1656 and 1008.
72
Calculate the greatest common factor of 315 and 3570.
105
Calculate the highest common divisor of 2725 and 218.
109
Calculate the highest common factor of 234 and 182.
26
What is the greatest common divisor of 162 and 1053?
81
Calculate the greatest common factor of 45 and 8.
1
Calculate the greatest common divisor of 19 and 209.
19
Calculate the greatest common divisor of 2 and 134.
2
Calculate the greatest common divisor of 7 and 763.
7
What is the highest common divisor of 63 and 672?
21
Calculate the highest common divisor of 326 and 7987.
163
Calculate the greatest common divisor of 13 and 12454.
13
Calculate the highest common divisor of 460 and 1196.
92
Calculate the greatest common divisor of 22 and 2486.
22
What is the greatest common factor of 130 and 590?
10
What is the highest common divisor of 1715 and 9310?
245
What is the greatest common divisor of 79 and 1?
1
Calculate the highest common factor of 814 and 44.
22
What is the highest common divisor of 1992 and 48?
24
What is the highest common factor of 1541 and 67?
67
Calculate the highest common divisor of 30 and 645.
15
What is the greatest common divisor of 76 and 3781?
19
What is the highest common factor of 27 and 16173?
27
Calculate the highest common divisor of 1160 and 160.
40
What is the greatest common divisor of 2709 and 252?
63
What is the greatest common divisor of 58 and 1334?
58
What is the highest common factor of 122 and 3?
1
What is the greatest common factor of 2394 and 57?
57
Calculate the highest common factor of 192 and 3.
3
What is the highest common divisor of 23852 and 402?
134
Calculate the greatest common factor of 1184 and 352.
32
What is the highest common factor of 1288 and 14?
14
What is the highest common factor of 89 and 1513?
89
Calculate the highest common factor of 30720 and 90.
30
Calculate the highest common factor of 13456 and 145.
29
What is the greatest common divisor of 110 and 1690?
10
Calculate the greatest common factor of 390 and 40.
10
Calculate the greatest common factor of 3021 and 57.
57
Calculate the greatest common factor of 39 and 312.
39
What is the greatest common divisor of 13 and 16?
1
What is the greatest common divisor of 4913 and 17?
17
Calculate the greatest common divisor of 4 and 15.
1
Calculate the highest common factor of 3584 and 56.
56
Calculate the greatest common factor of 64 and 11824.
16
Calculate the highest common divisor of 330 and 5.
5
What is the greatest common factor of 23034 and 6?
6
What is the highest common factor of 16 and 64?
16
What is the highest common divisor of 215 and 129?
43
What is the greatest common divisor of 38 and 6213?
19
Calculate the greatest common factor of 50 and 27600.
50
Calculate the highest common divisor of 36 and 339.
3
What is the greatest common factor of 341 and 992?
31
Calculate the highest common divisor of 5561 and 1328.
83
What is the highest common divisor of 82 and 328?
82
Calculate the greatest common divisor of 2 and 23.
1
Calculate the highest common divisor of 92 and 506.
46
What is the greatest common factor of 2250 and 360?
90
Calculate the greatest common factor of 14 and 704.
2
Calculate the greatest common factor of 4017 and 2472.
309
What is the highest common divisor of 96 and 24?
24
Calculate the greatest common divisor of 20 and 2420.
20
Calculate the greatest common factor of 102 and 289.
17
Calculate the greatest common divisor of 354 and 12.
6
What is the highest common factor of 25 and 320?
5
Calculate the greatest common factor of 735 and 30.
15
Calculate the highest common factor of 672 and 42.
42
What is the greatest common divisor of 319 and 1015?
29
Calculate the highest common factor of 1210 and 121.
121
Calculate the greatest common factor of 29 and 928.
29
What is the greatest common divisor of 201 and 141?
3
Calculate the highest common divisor of 1001 and